= -w**2 + 2*w + 231. Let j be g(14). Calculate the greatest common factor of j and s.
7
Suppose f - 27 = 3*w + w, 0 = 3*f - 4*w - 57. Suppose 3*y - 74 = -20. Calculate the highest common divisor of f and y.
3
Suppose s - 633 = m + 570, 2*s - 2364 = -12*m. What is the greatest common factor of 528 and s?
48
Let j = 4 - -41. Let c be (-14)/(-21) + (-496)/(-3). Let r be 72/(-324) - c/(-18). What is the highest common factor of j and r?
9
Let t = -5573 + 5578. Suppose 155 = 5*v + 30. Calculate the highest common divisor of t and v.
5
Suppose -5*p = -56 - 44. Suppose -17*w - 9*w = 49*w - 900. What is the highest common divisor of w and p?
4
Let s(j) = j**2 - 25*j - 1893. Let r be s(58). Calculate the highest common divisor of 581 and r.
7
Let d = 4663 - 3567. Calculate the highest common factor of 2 and d.
2
Let i(s) = -2*s**3 + 4*s**2 + 8*s + 2097. Let f be i(0). Calculate the greatest common divisor of f and 9.
9
Let s(t) = t**3 + t. Let x(d) = 3*d**3 + 8*d**2 - 5*d + 12. Let k(z) = 5*s(z) - x(z). Let u be k(6). What is the greatest common factor of u and 144?
48
Suppose 32 = -12*m - 4*m. Let j be m*14/(-2) - 40/(-10). Let t be 2292/j + (-3)/(18/8). Calculate the highest common divisor of 14 and t.
14
Let m = -4095 + 4500. Calculate the greatest common factor of m and 120.
15
Let j = -1884 + 1096. Let s = 848 + j. Suppose -5*m + 3*m - 3*z + 21 = 0, z = 2*m - 33. Calculate the greatest common divisor of m and s.
15
Suppose -119 + 29 = -45*m. Calculate the highest common divisor of 586 and m.
2
Suppose 2*q - 2*x - 2*x = -2*q + 1312, 0 = 3*x. What is the highest common factor of 205 and q?
41
Let g = 123 - 118. Suppose g*o - 40 = 170. Calculate the highest common factor of 280 and o.
14
Suppose 0 = 23*j + 163 - 25. Let y be 105*((-32)/(-4) + j). Calculate the greatest common divisor of 490 and y.
70
Suppose 27*w = 48*w - 38642 + 8402. What is the greatest common factor of w and 1040?
80
Suppose -11*p + 16*p + 20 = 0, -p = u - 38. What is the greatest common divisor of 406 and u?
14
Suppose 2*q + 860 = 2280. Calculate the highest common divisor of q and 6.
2
Let g be (-90)/(-2 - -2 - 2). What is the highest common factor of g and 585?
45
Let c = -208 + 332. Let m(o) = -3*o - 24. Let q be m(-9). Suppose h = -2*h - 3*p + 108, p = -q*h + 98. What is the greatest common divisor of c and h?
31
Suppose 4*g + 5*x - 6060 + 2122 = 0, 2*x = -4. Calculate the greatest common divisor of g and 420.
21
Let y be (-8)/((-61752)/(-6176) + -10). Calculate the greatest common divisor of 32 and y.
32
Suppose -g - 78 = -2*b, -53*b + 57*b - g - 156 = 0. What is the greatest common divisor of b and 1027?
13
Let g be (-2038882)/(-2504) - (-3)/4. Suppose 4*y - 25 = -y. What is the greatest common factor of g and y?
5
Let a(s) = s**3 - 6*s**2 - 17*s + 7. Let d be a(8). Let p be (-7 + 11)*10 + 1*d. Calculate the highest common factor of p and 13.
13
Let g be (-18)/(-15)*-5*26/4. Let f = 140 + g. Let d = -80 + f. What is the greatest common factor of d and 210?
21
Suppose 14*c = 16*c. Suppose 2*b - 2 = c, 5*l - 4*b = 379 - 68. Suppose 3*n - 8*n = -45. What is the greatest common factor of n and l?
9
Suppose -15777 = -2168*u + 2163*u - 4*o, 0 = -2*u + 3*o + 6343. Calculate the greatest common divisor of 1199 and u.
109
Let w = -61 + -28. Let c = 137 + w. Calculate the greatest common factor of 32 and c.
16
Suppose -525 = -26*k + 1278 - 87. What is the highest common divisor of k and 9?
3
Let m = -55 - -104. Let q(v) = 8*v**2 + v + 3. Let i be q(2). Let k be i/5 + (-72)/180. Calculate the greatest common divisor of m and k.
7
Suppose 4*a = -4*n - 12, -6*n - 13 = 4*a - n. Let p be 1377/((-18)/(-2)) + -1 + a. Calculate the highest common factor of p and 200.
50
Let z = 10553 - 10429. What is the highest common factor of z and 248?
124
Let u(l) = 8*l + 26. Let s be 3/((18/(-13))/(-6)). Let b be u(s). What is the highest common divisor of b and 52?
26
Suppose 0 = 254*j + 55*j - 99807. What is the highest common factor of j and 272?
17
Suppose -4*u + 1158 = 5*v + 132, 2*v = -u + 414. Calculate the greatest common factor of v and 510.
30
Let l = -4573 - -4621. What is the highest common divisor of 222 and l?
6
Suppose -104*x - 37*x - 96*x + 106176 = 0. What is the highest common divisor of x and 2744?
56
Suppose -4 = -4*o + 5*f, -4*o - 59*f + 4 = -62*f. Calculate the highest common divisor of 53 and o.
1
Suppose 3*o - 2*s - 1203 = -s, 5*s - 43 = -13. Suppose -298 + 112 = -3*d. Calculate the highest common divisor of o and d.
31
Let n = -13754 + 14272. Calculate the highest common factor of n and 6660.
74
Let t(o) = -o**3 + 11*o**2 + 10*o - 32. Suppose 18*w = 23*w - 55. Let q be t(w). Calculate the greatest common divisor of 39 and q.
39
Let b = -10771 - -10774. What is the greatest common divisor of 6243 and b?
3
Let y be 3*3/(-24) - 13585/(-88). Calculate the highest common factor of y and 110.
22
Suppose -2261574 = -67*h - 367*h. Calculate the greatest common divisor of 54 and h.
27
Let p = 6029 - 3635. Suppose p = 20*s - s. What is the highest common factor of s and 54?
18
Suppose -l - 2*t = -3*t - 38, 0 = -4*l - 2*t + 170. Let m(u) = l - 18*u - 1 - u. Let p be m(-8). What is the greatest common factor of p and 24?
24
Suppose -19*d + 16*d = -9, 0 = 5*a + 4*d - 82. Let x be a/(-154) - 3104/(-22). What is the highest common divisor of x and 3?
3
Suppose -4*p = 3*c - 502, -3*c + 8*c - 2*p = 854. Let h = -131 + c. What is the greatest common divisor of 390 and h?
39
Suppose -36*w + 11958 + 1772 = -310. What is the greatest common divisor of 1430 and w?
130
Let d(f) = -3*f - 12. Let l be d(-13). Let a = -125 - -131. Calculate the greatest common factor of a and l.
3
Let s = -8141 - -9605. What is the highest common divisor of s and 549?
183
Let s be 16/((-32)/(-35314)) - (-6)/1. What is the highest common factor of s and 34?
17
Let h(v) = v**2 - 25*v - 23. Let f be h(23). Let t = -53 - f. Let x = 205 + -141. Calculate the highest common divisor of x and t.
16
Suppose -4*u - 3 - 13 = -2*q, -3*u = -2*q + 16. Let f be (-4458)/(-21) + q/(-28). What is the greatest common divisor of 159 and f?
53
Let g(j) = -j + 5. Let q be g(-5). Let n(t) = t**3 + 9*t**2 - 9*t + 12. Let f = 2 - 12. Let s be n(f). What is the greatest common divisor of s and q?
2
Let m(d) = 18*d + 6*d**2 + 22 + d**2 + d**2 + 10*d**2 - d**3. Let r be m(19). Suppose r*o + 13 = 97. What is the greatest common factor of o and 84?
28
Suppose -u + 5*r = -269, r + 3*r + 4 = 0. Let y be (3 - (399/(-12) - (-20)/16)) + -2. What is the greatest common factor of u and y?
33
Let r be 3*10/15*1. Suppose 0 = r*m - i - 92, 5*m - i - 107 = 117. Calculate the highest common divisor of m and 22.
22
Suppose -5*q = -17 - 18. Let s(z) = 811*z - 30734. Let f be s(38). Calculate the greatest common factor of q and f.
7
Let b be 4 - (-3 + (5/50 - (-364)/(-40))). Calculate the highest common factor of 92 and b.
4
Let c(p) = p**3 + 14*p**2 - 6*p - 16. Let i be c(-14). Suppose 5*t - 4*n - 80 = -9*n, i = 3*t - 2*n. Calculate the greatest common divisor of 5 and t.
5
Suppose g + 1589 = 1817. Let r = g + -171. Calculate the greatest common factor of r and 19.
19
Let j = 34 + -28. Suppose x - j = -0*x. Let l be 315/150 - (-3)/(-30). What is the greatest common divisor of x and l?
2
Suppose -5*p - p = -30. Suppose p*a = 5*a + 6*a. Suppose 4*k + 5*g - 207 = -0*g, -3*g + 9 = a. Calculate the greatest common divisor of k and 8.
8
Suppose -4*c + 17621 = 5*i + 3576, i - 2785 = 4*c. What is the greatest common factor of 1155 and i?
165
Let a be -3 + 4 + -3 + 4. Let n(c) = 22*c - 2. Let k be n(a). Suppose 2*f - 142 = i + k, 5*i = f - 110. Calculate the greatest common divisor of 9 and f.
9
Let s be 2 + -1 + 165/(-33) + 61. What is the greatest common divisor of 551 and s?
19
Suppose -12*c + 85562 - 11306 = 0. What is the highest common factor of c and 13?
13
Let v be -12 - ((-156)/13 - 3658). Calculate the highest common factor of 62 and v.
62
Suppose -4*p + 61518 = 2*f, -2*p = 2*f - 33565 + 2807. Calculate the greatest common divisor of 20 and p.
20
Let b be (42/9)/((-32)/(-1152)). What is the greatest common factor of b and 210?
42
Suppose -2*r = 3*c - 920 + 246, -4*r = 20. What is the highest common factor of c and 8094?
114
Suppose 0 = -2*o - 4, o + 137 = 